{"id":3551,"date":"2016-01-29T20:35:59","date_gmt":"2016-01-29T18:35:59","guid":{"rendered":"http:\/\/www.spd-brensbach.de\/?page_id=3551"},"modified":"2026-04-17T10:51:12","modified_gmt":"2026-04-17T08:51:12","slug":"manuel-rug","status":"publish","type":"page","link":"https:\/\/www.spd-brensbach.de\/?page_id=3551","title":{"rendered":"Manuel Rug"},"content":{"rendered":"\n<p>Manuel Rug lebt mit seiner Familie im Ortsteil Brensbach. Der verheiratete Diplom-Verwaltungswirt und Bachelor of Laws ist Vater von zwei Kindern im Kita-Alter.<\/p>\n\n\n\n<p>Er engagiert sich ehrenamtlich als Vorsitzender des Kita-F\u00f6rdervereins Wichtel e.V. und ist stellvertretender Vorsitzender im SPD-Ortsverein sowie Mitglied im DGB-Ortsverband Gersprenztal.<\/p>\n\n\n\n<p>Seine politischen Schwerpunkte liegen auf einer verantwortungsvollen Finanzpolitik und der F\u00f6rderung interkommunaler Zusammenarbeit. Im menschlichen Miteinander sind ihm Respekt und Toleranz besonders wichtig.<\/p>\n\n\n\n<p>In der Freizeit findet er Ausgleich beim Wandern, Radfahren, bei Gesellschaftsspielen und beim Lesen. Die Wanderwege rund um Brensbach bieten ihm die Ruhe und Erholung vom Alltag.<\/p>\n\n\n\n<p>Er m\u00f6chte sich f\u00fcr den Gemeinschaftssinn in der Gemeinde einsetzen und dazu beitragen, Brensbach lebenswert zu erhalten.<\/p>\n\n\n\n<p>\u201eIch habe den F\u00f6rderverein Wichtel mitgegr\u00fcndet, weil mir die Zukunft unserer Kinder am Herzen liegt. Gemeinsam k\u00f6nnen wir einen wichtigen Beitrag leisten und den Kindern einen guten Start erm\u00f6glichen.\u201c<\/p>\n","protected":false},"excerpt":{"rendered":"<p>Manuel Rug lebt mit seiner Familie im Ortsteil Brensbach. Der verheiratete Diplom-Verwaltungswirt und Bachelor of Laws ist Vater von zwei Kindern im Kita-Alter. Er engagiert sich ehrenamtlich als Vorsitzender des Kita-F\u00f6rdervereins Wichtel e.V. und ist stellvertretender Vorsitzender im SPD-Ortsverein sowie Mitglied im DGB-Ortsverband Gersprenztal. Seine politischen Schwerpunkte liegen auf einer verantwortungsvollen Finanzpolitik und der F\u00f6rderung &hellip; <a href=\"https:\/\/www.spd-brensbach.de\/?page_id=3551\" class=\"more-link\"><span class=\"screen-reader-text\">Manuel Rug<\/span> weiterlesen <span class=\"meta-nav\">&rarr;<\/span><\/a><\/p>\n","protected":false},"author":2,"featured_media":6283,"parent":0,"menu_order":0,"comment_status":"closed","ping_status":"closed","template":"","meta":{"footnotes":""},"class_list":["post-3551","page","type-page","status-publish","has-post-thumbnail","hentry"],"_links":{"self":[{"href":"https:\/\/www.spd-brensbach.de\/index.php?rest_route=\/wp\/v2\/pages\/3551","targetHints":{"allow":["GET"]}}],"collection":[{"href":"https:\/\/www.spd-brensbach.de\/index.php?rest_route=\/wp\/v2\/pages"}],"about":[{"href":"https:\/\/www.spd-brensbach.de\/index.php?rest_route=\/wp\/v2\/types\/page"}],"author":[{"embeddable":true,"href":"https:\/\/www.spd-brensbach.de\/index.php?rest_route=\/wp\/v2\/users\/2"}],"replies":[{"embeddable":true,"href":"https:\/\/www.spd-brensbach.de\/index.php?rest_route=%2Fwp%2Fv2%2Fcomments&post=3551"}],"version-history":[{"count":5,"href":"https:\/\/www.spd-brensbach.de\/index.php?rest_route=\/wp\/v2\/pages\/3551\/revisions"}],"predecessor-version":[{"id":6313,"href":"https:\/\/www.spd-brensbach.de\/index.php?rest_route=\/wp\/v2\/pages\/3551\/revisions\/6313"}],"wp:featuredmedia":[{"embeddable":true,"href":"https:\/\/www.spd-brensbach.de\/index.php?rest_route=\/wp\/v2\/media\/6283"}],"wp:attachment":[{"href":"https:\/\/www.spd-brensbach.de\/index.php?rest_route=%2Fwp%2Fv2%2Fmedia&parent=3551"}],"curies":[{"name":"wp","href":"https:\/\/api.w.org\/{rel}","templated":true}]}}

<p>Manuel Rug lebt mit seiner Familie im Ortsteil Brensbach. Der verheiratete Diplom-Verwaltungswirt und Bachelor of Laws ist Vater von zwei Kindern im Kita-Alter.</p>



<p>Er engagiert sich ehrenamtlich als Vorsitzender des Kita-Fördervereins Wichtel e.V. und ist stellvertretender Vorsitzender im SPD-Ortsverein sowie Mitglied im DGB-Ortsverband Gersprenztal.</p>



<p>Seine politischen Schwerpunkte liegen auf einer verantwortungsvollen Finanzpolitik und der Förderung interkommunaler Zusammenarbeit. Im menschlichen Miteinander sind ihm Respekt und Toleranz besonders wichtig.</p>



<p>In der Freizeit findet er Ausgleich beim Wandern, Radfahren, bei Gesellschaftsspielen und beim Lesen. Die Wanderwege rund um Brensbach bieten ihm die Ruhe und Erholung vom Alltag.</p>



<p>Er möchte sich für den Gemeinschaftssinn in der Gemeinde einsetzen und dazu beitragen, Brensbach lebenswert zu erhalten.</p>



<p>„Ich habe den Förderverein Wichtel mitgegründet, weil mir die Zukunft unserer Kinder am Herzen liegt. Gemeinsam können wir einen wichtigen Beitrag leisten und den Kindern einen guten Start ermöglichen.“</p>

<p>Manuel Rug lebt mit seiner Familie im Ortsteil Brensbach. Der verheiratete Diplom-Verwaltungswirt und Bachelor of Laws ist Vater von zwei Kindern im Kita-Alter. Er engagiert sich ehrenamtlich als Vorsitzender des Kita-Fördervereins Wichtel e.V. und ist stellvertretender Vorsitzender im SPD-Ortsverein sowie Mitglied im DGB-Ortsverband Gersprenztal. Seine politischen Schwerpunkte liegen auf einer verantwortungsvollen Finanzpolitik und der Förderung &hellip; <a href="https://www.spd-brensbach.de/?page_id=3551" class="more-link"><span class="screen-reader-text">Manuel Rug</span> weiterlesen <span class="meta-nav">&rarr;</span></a></p>
