{"id":573,"date":"2011-02-27T19:14:35","date_gmt":"2011-02-27T17:14:35","guid":{"rendered":"http:\/\/www.spd-brensbach.de\/?page_id=573"},"modified":"2025-12-18T09:58:36","modified_gmt":"2025-12-18T08:58:36","slug":"reiner-muller","status":"publish","type":"page","link":"https:\/\/www.spd-brensbach.de\/?page_id=573","title":{"rendered":"Reiner M\u00fcller"},"content":{"rendered":"\n<p>Reiner M\u00fcller lebt mit seiner Familie in Nieder-Kainsbach. Er hat zwei erwachsene S\u00f6hne und ist Gro\u00dfvater einer Enkeltochter. Der Informatiker im Ruhestand ist seit 2006 Mitglied der Gemeindevertretung und engagiert sich im Ausschuss f\u00fcr Bauen, Umwelt und Landwirtschaft.<\/p>\n\n\n\n<p>Ehrenamtlich ist er Vorstandsmitglied und Rechner der SG Nieder-Kainsbach\/Affh\u00f6llerbach e.V. und leitet als Vorsteher das Ortsgericht Brensbach III, das f\u00fcr die Ortsteile Nieder-Kainsbach, Affh\u00f6llerbach und Stierbach zust\u00e4ndig ist.<\/p>\n\n\n\n<p>Reiner engagiert sich in der Kommunalpolitik, um aktiv f\u00fcr den Erhalt der Demokratie einzutreten. Ihm sind eine faire Steuerpolitik und Transparenz bei kommunalen Entscheidungen besonders wichtig. Die St\u00e4rkung des \u00f6rtlichen Gewerbes, der Erhalt von Arbeitspl\u00e4tzen und die Ansiedlung von Familien sowie der Ausbau der Grundversorgung haben f\u00fcr den erfahrenen Kommunalpolitiker Priorit\u00e4t.<\/p>\n\n\n\n<p>In seiner Freizeit unternimmt er gerne ausgedehnte Mountainbike- und Rennradtouren, geht wandern, liest und verbringt Zeit mit seiner Familie. Sein Lieblingsort ist der H\u00f6henweg zwischen Nieder-Kainsbach und Gersprenz mit seiner phantastischen Aussicht auf das Gersprenztal, unsere Gemeinde und &#8211; bei klarer Sicht &#8211; Frankfurt und den dahinterliegenden Taunus.<\/p>\n\n\n\n<p>\u201eMir liegt unsere Demokratie am Herzen. Eine faire und nachhaltige Entwicklung unserer Gemeinde bildet daf\u00fcr die Grundlage \u2013 daf\u00fcr setze ich mich ein.\u201c<\/p>\n","protected":false},"excerpt":{"rendered":"<p>Reiner M\u00fcller lebt mit seiner Familie in Nieder-Kainsbach. Er hat zwei erwachsene S\u00f6hne und ist Gro\u00dfvater einer Enkeltochter. Der Informatiker im Ruhestand ist seit 2006 Mitglied der Gemeindevertretung und engagiert sich im Ausschuss f\u00fcr Bauen, Umwelt und Landwirtschaft. Ehrenamtlich ist er Vorstandsmitglied und Rechner der SG Nieder-Kainsbach\/Affh\u00f6llerbach e.V. und leitet als Vorsteher das Ortsgericht Brensbach &hellip; <a href=\"https:\/\/www.spd-brensbach.de\/?page_id=573\" class=\"more-link\"><span class=\"screen-reader-text\">Reiner M\u00fcller<\/span> weiterlesen <span class=\"meta-nav\">&rarr;<\/span><\/a><\/p>\n","protected":false},"author":2,"featured_media":6149,"parent":0,"menu_order":0,"comment_status":"closed","ping_status":"closed","template":"","meta":{"footnotes":""},"class_list":["post-573","page","type-page","status-publish","has-post-thumbnail","hentry"],"_links":{"self":[{"href":"https:\/\/www.spd-brensbach.de\/index.php?rest_route=\/wp\/v2\/pages\/573","targetHints":{"allow":["GET"]}}],"collection":[{"href":"https:\/\/www.spd-brensbach.de\/index.php?rest_route=\/wp\/v2\/pages"}],"about":[{"href":"https:\/\/www.spd-brensbach.de\/index.php?rest_route=\/wp\/v2\/types\/page"}],"author":[{"embeddable":true,"href":"https:\/\/www.spd-brensbach.de\/index.php?rest_route=\/wp\/v2\/users\/2"}],"replies":[{"embeddable":true,"href":"https:\/\/www.spd-brensbach.de\/index.php?rest_route=%2Fwp%2Fv2%2Fcomments&post=573"}],"version-history":[{"count":21,"href":"https:\/\/www.spd-brensbach.de\/index.php?rest_route=\/wp\/v2\/pages\/573\/revisions"}],"predecessor-version":[{"id":6220,"href":"https:\/\/www.spd-brensbach.de\/index.php?rest_route=\/wp\/v2\/pages\/573\/revisions\/6220"}],"wp:featuredmedia":[{"embeddable":true,"href":"https:\/\/www.spd-brensbach.de\/index.php?rest_route=\/wp\/v2\/media\/6149"}],"wp:attachment":[{"href":"https:\/\/www.spd-brensbach.de\/index.php?rest_route=%2Fwp%2Fv2%2Fmedia&parent=573"}],"curies":[{"name":"wp","href":"https:\/\/api.w.org\/{rel}","templated":true}]}}