{"id":599,"date":"2011-02-27T19:36:17","date_gmt":"2011-02-27T17:36:17","guid":{"rendered":"http:\/\/www.spd-brensbach.de\/?page_id=599"},"modified":"2020-12-15T11:52:17","modified_gmt":"2020-12-15T10:52:17","slug":"klaus-dieter-schmidt","status":"publish","type":"page","link":"https:\/\/www.spd-brensbach.de\/?page_id=599","title":{"rendered":"Klaus-Dieter Schmidt"},"content":{"rendered":"\n<p>Der agile Rentner ist Vater von zwei erwachsenen T\u00f6chtern und Gro\u00dfvater von vier Enkelkindern. F\u00fcr ihn stehen die Familie und der Sozialbereich an vorderster Stelle.<\/p>\n\n\n\n<p>Ihm liegt die positive wirtschaftliche und familienfreundliche Entwicklung von Brensbach und seiner Region besonders am Herzen. Als 1. Vorsitzender des Vereins \u201eHand und Fu\u00df\u201c sowie des Sozialverbands VdK Brensbach ist er vertrauensvoller Ansprechpartner und engagierter Helfer auch f\u00fcr die \u00e4ltere Generation.<\/p>\n","protected":false},"excerpt":{"rendered":"<p>Der agile Rentner ist Vater von zwei erwachsenen T\u00f6chtern und Gro\u00dfvater von vier Enkelkindern. F\u00fcr ihn stehen die Familie und der Sozialbereich an vorderster Stelle. Ihm liegt die positive wirtschaftliche und familienfreundliche Entwicklung von Brensbach und seiner Region besonders am Herzen. Als 1. Vorsitzender des Vereins \u201eHand und Fu\u00df\u201c sowie des Sozialverbands VdK Brensbach ist &hellip; <a href=\"https:\/\/www.spd-brensbach.de\/?page_id=599\" class=\"more-link\"><span class=\"screen-reader-text\">Klaus-Dieter Schmidt<\/span> weiterlesen <span class=\"meta-nav\">&rarr;<\/span><\/a><\/p>\n","protected":false},"author":2,"featured_media":5108,"parent":0,"menu_order":0,"comment_status":"closed","ping_status":"closed","template":"","meta":{"footnotes":""},"class_list":["post-599","page","type-page","status-publish","has-post-thumbnail","hentry"],"_links":{"self":[{"href":"https:\/\/www.spd-brensbach.de\/index.php?rest_route=\/wp\/v2\/pages\/599","targetHints":{"allow":["GET"]}}],"collection":[{"href":"https:\/\/www.spd-brensbach.de\/index.php?rest_route=\/wp\/v2\/pages"}],"about":[{"href":"https:\/\/www.spd-brensbach.de\/index.php?rest_route=\/wp\/v2\/types\/page"}],"author":[{"embeddable":true,"href":"https:\/\/www.spd-brensbach.de\/index.php?rest_route=\/wp\/v2\/users\/2"}],"replies":[{"embeddable":true,"href":"https:\/\/www.spd-brensbach.de\/index.php?rest_route=%2Fwp%2Fv2%2Fcomments&post=599"}],"version-history":[{"count":6,"href":"https:\/\/www.spd-brensbach.de\/index.php?rest_route=\/wp\/v2\/pages\/599\/revisions"}],"predecessor-version":[{"id":5230,"href":"https:\/\/www.spd-brensbach.de\/index.php?rest_route=\/wp\/v2\/pages\/599\/revisions\/5230"}],"wp:featuredmedia":[{"embeddable":true,"href":"https:\/\/www.spd-brensbach.de\/index.php?rest_route=\/wp\/v2\/media\/5108"}],"wp:attachment":[{"href":"https:\/\/www.spd-brensbach.de\/index.php?rest_route=%2Fwp%2Fv2%2Fmedia&parent=599"}],"curies":[{"name":"wp","href":"https:\/\/api.w.org\/{rel}","templated":true}]}}

<p>Der agile Rentner ist Vater von zwei erwachsenen Töchtern und Großvater von vier Enkelkindern. Für ihn stehen die Familie und der Sozialbereich an vorderster Stelle.</p>



<p>Ihm liegt die positive wirtschaftliche und familienfreundliche Entwicklung von Brensbach und seiner Region besonders am Herzen. Als 1. Vorsitzender des Vereins „Hand und Fuß“ sowie des Sozialverbands VdK Brensbach ist er vertrauensvoller Ansprechpartner und engagierter Helfer auch für die ältere Generation.</p>

<p>Der agile Rentner ist Vater von zwei erwachsenen Töchtern und Großvater von vier Enkelkindern. Für ihn stehen die Familie und der Sozialbereich an vorderster Stelle. Ihm liegt die positive wirtschaftliche und familienfreundliche Entwicklung von Brensbach und seiner Region besonders am Herzen. Als 1. Vorsitzender des Vereins „Hand und Fuß“ sowie des Sozialverbands VdK Brensbach ist &hellip; <a href="https://www.spd-brensbach.de/?page_id=599" class="more-link"><span class="screen-reader-text">Klaus-Dieter Schmidt</span> weiterlesen <span class="meta-nav">&rarr;</span></a></p>
