{"id":6190,"date":"2025-12-20T16:20:49","date_gmt":"2025-12-20T15:20:49","guid":{"rendered":"https:\/\/www.spd-brensbach.de\/?page_id=6190"},"modified":"2025-12-21T09:34:04","modified_gmt":"2025-12-21T08:34:04","slug":"sandra-morgenthal","status":"publish","type":"page","link":"https:\/\/www.spd-brensbach.de\/?page_id=6190","title":{"rendered":"Sandra Morgenthal"},"content":{"rendered":"\n<p class=\"wp-block-paragraph\">Sandra Morgenthal lebt in Brensbach und bringt ihre vielf\u00e4ltigen beruflichen und pers\u00f6nlichen Erfahrungen engagiert in das Gemeindeleben ein. Die geb\u00fcrtige Frankfurterin ist gelernte Hotelfachfrau und arbeitet heute als Assistentin der Objektleitung. Dar\u00fcber hinaus ist sie als Betriebsr\u00e4tin t\u00e4tig, ausgebildete MHFA-Ersthelferin f\u00fcr psychische Gesundheit, Yogalehrerin sowie in der Alltagsbetreuung f\u00fcr Menschen mit Behinderung aktiv.<\/p>\n\n\n\n<p class=\"wp-block-paragraph\">Ehrenamtlich engagiert sich Sandra Morgenthal im Orga-Team einer Selbsthilfegruppe f\u00fcr Angst, Depression und Panik und ist Mitglied im F\u00f6rderverein Haus Brombachtal e.V. In ihrer Freizeit findet sie Ausgleich beim Wandern, Yoga und Lesen, beim kreativen Arbeiten und beim Erlernen neuer Dinge.<\/p>\n\n\n\n<p class=\"wp-block-paragraph\">Besonders am Herzen liegen ihr eine ehrliche, vertrauensvolle Kommunikation, soziale Gerechtigkeit, gelebte Inklusion, gute Bildung f\u00fcr alle sowie ein verantwortungsvoller Umgang mit Klima und Zukunft. Wichtig ist ihr ein respektvolles Miteinander, bei dem unterschiedliche Sichtweisen geh\u00f6rt und Menschen nicht vorschnell beurteilt werden.<\/p>\n\n\n\n<p class=\"wp-block-paragraph\">Kraft und Ruhe findet sie an der alten Eiche zwischen Wallbach, H\u00f6llerbach und Brensbach sowie am Br\u00fcnnchen \u2013 Orte, die f\u00fcr sie Weite, Lebendigkeit und Ausgeglichenheit ausstrahlen.<\/p>\n\n\n\n<p class=\"wp-block-paragraph\">\u201eGute Entscheidungen entstehen, wenn wir gemeinsam daf\u00fcr sorgen, dass alle Menschen dazugeh\u00f6ren und niemand ausgeschlossen wird.\u201c<\/p>\n","protected":false},"excerpt":{"rendered":"<p>Sandra Morgenthal lebt in Brensbach und bringt ihre vielf\u00e4ltigen beruflichen und pers\u00f6nlichen Erfahrungen engagiert in das Gemeindeleben ein. Die geb\u00fcrtige Frankfurterin ist gelernte Hotelfachfrau und arbeitet heute als Assistentin der Objektleitung. Dar\u00fcber hinaus ist sie als Betriebsr\u00e4tin t\u00e4tig, ausgebildete MHFA-Ersthelferin f\u00fcr psychische Gesundheit, Yogalehrerin sowie in der Alltagsbetreuung f\u00fcr Menschen mit Behinderung aktiv. Ehrenamtlich engagiert &hellip; <a href=\"https:\/\/www.spd-brensbach.de\/?page_id=6190\" class=\"more-link\"><span class=\"screen-reader-text\">Sandra Morgenthal<\/span> weiterlesen <span class=\"meta-nav\">&rarr;<\/span><\/a><\/p>\n","protected":false},"author":2,"featured_media":6229,"parent":0,"menu_order":0,"comment_status":"closed","ping_status":"closed","template":"","meta":{"footnotes":""},"class_list":["post-6190","page","type-page","status-publish","has-post-thumbnail","hentry"],"_links":{"self":[{"href":"https:\/\/www.spd-brensbach.de\/index.php?rest_route=\/wp\/v2\/pages\/6190","targetHints":{"allow":["GET"]}}],"collection":[{"href":"https:\/\/www.spd-brensbach.de\/index.php?rest_route=\/wp\/v2\/pages"}],"about":[{"href":"https:\/\/www.spd-brensbach.de\/index.php?rest_route=\/wp\/v2\/types\/page"}],"author":[{"embeddable":true,"href":"https:\/\/www.spd-brensbach.de\/index.php?rest_route=\/wp\/v2\/users\/2"}],"replies":[{"embeddable":true,"href":"https:\/\/www.spd-brensbach.de\/index.php?rest_route=%2Fwp%2Fv2%2Fcomments&post=6190"}],"version-history":[{"count":2,"href":"https:\/\/www.spd-brensbach.de\/index.php?rest_route=\/wp\/v2\/pages\/6190\/revisions"}],"predecessor-version":[{"id":6322,"href":"https:\/\/www.spd-brensbach.de\/index.php?rest_route=\/wp\/v2\/pages\/6190\/revisions\/6322"}],"wp:featuredmedia":[{"embeddable":true,"href":"https:\/\/www.spd-brensbach.de\/index.php?rest_route=\/wp\/v2\/media\/6229"}],"wp:attachment":[{"href":"https:\/\/www.spd-brensbach.de\/index.php?rest_route=%2Fwp%2Fv2%2Fmedia&parent=6190"}],"curies":[{"name":"wp","href":"https:\/\/api.w.org\/{rel}","templated":true}]}}

<p class="wp-block-paragraph">Sandra Morgenthal lebt in Brensbach und bringt ihre vielfältigen beruflichen und persönlichen Erfahrungen engagiert in das Gemeindeleben ein. Die gebürtige Frankfurterin ist gelernte Hotelfachfrau und arbeitet heute als Assistentin der Objektleitung. Darüber hinaus ist sie als Betriebsrätin tätig, ausgebildete MHFA-Ersthelferin für psychische Gesundheit, Yogalehrerin sowie in der Alltagsbetreuung für Menschen mit Behinderung aktiv.</p>



<p class="wp-block-paragraph">Ehrenamtlich engagiert sich Sandra Morgenthal im Orga-Team einer Selbsthilfegruppe für Angst, Depression und Panik und ist Mitglied im Förderverein Haus Brombachtal e.V. In ihrer Freizeit findet sie Ausgleich beim Wandern, Yoga und Lesen, beim kreativen Arbeiten und beim Erlernen neuer Dinge.</p>



<p class="wp-block-paragraph">Besonders am Herzen liegen ihr eine ehrliche, vertrauensvolle Kommunikation, soziale Gerechtigkeit, gelebte Inklusion, gute Bildung für alle sowie ein verantwortungsvoller Umgang mit Klima und Zukunft. Wichtig ist ihr ein respektvolles Miteinander, bei dem unterschiedliche Sichtweisen gehört und Menschen nicht vorschnell beurteilt werden.</p>



<p class="wp-block-paragraph">Kraft und Ruhe findet sie an der alten Eiche zwischen Wallbach, Höllerbach und Brensbach sowie am Brünnchen – Orte, die für sie Weite, Lebendigkeit und Ausgeglichenheit ausstrahlen.</p>



<p class="wp-block-paragraph">„Gute Entscheidungen entstehen, wenn wir gemeinsam dafür sorgen, dass alle Menschen dazugehören und niemand ausgeschlossen wird.“</p>

<p>Sandra Morgenthal lebt in Brensbach und bringt ihre vielfältigen beruflichen und persönlichen Erfahrungen engagiert in das Gemeindeleben ein. Die gebürtige Frankfurterin ist gelernte Hotelfachfrau und arbeitet heute als Assistentin der Objektleitung. Darüber hinaus ist sie als Betriebsrätin tätig, ausgebildete MHFA-Ersthelferin für psychische Gesundheit, Yogalehrerin sowie in der Alltagsbetreuung für Menschen mit Behinderung aktiv. Ehrenamtlich engagiert &hellip; <a href="https://www.spd-brensbach.de/?page_id=6190" class="more-link"><span class="screen-reader-text">Sandra Morgenthal</span> weiterlesen <span class="meta-nav">&rarr;</span></a></p>
